e factors of 193306.
2, 19, 5087
What are the prime factors of 543?
3, 181
List the prime factors of 3955.
5, 7, 113
List the prime factors of 63505.
5, 13, 977
List the prime factors of 13692.
2, 3, 7, 163
What are the prime factors of 8313?
3, 17, 163
What are the prime factors of 24310?
2, 5, 11, 13, 17
What are the prime factors of 6902?
2, 7, 17, 29
What are the prime factors of 1335?
3, 5, 89
What are the prime factors of 20110?
2, 5, 2011
What are the prime factors of 667?
23, 29
List the prime factors of 4683.
3, 7, 223
List the prime factors of 6248.
2, 11, 71
What are the prime factors of 8776?
2, 1097
What are the prime factors of 2290?
2, 5, 229
List the prime factors of 41943.
3, 11, 31, 41
List the prime factors of 34658.
2, 13, 31, 43
What are the prime factors of 1006?
2, 503
What are the prime factors of 3130?
2, 5, 313
What are the prime factors of 12?
2, 3
List the prime factors of 10845.
3, 5, 241
List the prime factors of 19414.
2, 17, 571
What are the prime factors of 14459?
19, 761
What are the prime factors of 629?
17, 37
List the prime factors of 27.
3
List the prime factors of 5548.
2, 19, 73
List the prime factors of 3315.
3, 5, 13, 17
What are the prime factors of 46751?
46751
What are the prime factors of 20985?
3, 5, 1399
What are the prime factors of 87?
3, 29
What are the prime factors of 1669?
1669
What are the prime factors of 176?
2, 11
List the prime factors of 130123.
7, 29, 641
List the prime factors of 44565.
3, 5, 2971
What are the prime factors of 4826?
2, 19, 127
List the prime factors of 59384.
2, 13, 571
List the prime factors of 10658.
2, 73
List the prime factors of 7161.
3, 7, 11, 31
List the prime factors of 18113.
59, 307
What are the prime factors of 864?
2, 3
What are the prime factors of 3906?
2, 3, 7, 31
List the prime factors of 702.
2, 3, 13
List the prime factors of 36100.
2, 5, 19
What are the prime factors of 109667?
17, 6451
What are the prime factors of 21148?
2, 17, 311
What are the prime factors of 752?
2, 47
What are the prime factors of 1422?
2, 3, 79
List the prime factors of 801.
3, 89
What are the prime factors of 13001?
13001
List the prime factors of 75180.
2, 3, 5, 7, 179
List the prime factors of 796.
2, 199
What are the prime factors of 3683?
29, 127
List the prime factors of 58381.
79, 739
List the prime factors of 1620.
2, 3, 5
List the prime factors of 32489.
53, 613
What are the prime factors of 5928?
2, 3, 13, 19
What are the prime factors of 1046?
2, 523
List the prime factors of 1045.
5, 11, 19
What are the prime factors of 1294?
2, 647
What are the prime factors of 10899?
3, 7, 173
List the prime factors of 9234.
2, 3, 19
List the prime factors of 44668.
2, 13, 859
List the prime factors of 115237.
115237
What are the prime factors of 164347?
149, 1103
List the prime factors of 163923.
3, 101, 541
List the prime factors of 23.
23
What are the prime factors of 40819?
40819
List the prime factors of 32748.
2, 3, 2729
List the prime factors of 326.
2, 163
List the prime factors of 3409.
7, 487
List the prime factors of 2672.
2, 167
What are the prime factors of 10912?
2, 11, 31
What are the prime factors of 6310?
2, 5, 631
List the prime factors of 74942.
2, 7, 53, 101
What are the prime factors of 7444?
2, 1861
List the prime factors of 2884.
2, 7, 103
What are the prime factors of 19140?
2, 3, 5, 11, 29
What are the prime factors of 46855?
5, 9371
What are the prime factors of 19573?
23, 37
What are the prime factors of 1758?
2, 3, 293
What are the prime factors of 16990?
2, 5, 1699
List the prime factors of 7983.
3, 887
List the prime factors of 835.
5, 167
List the prime factors of 755.
5, 151
List the prime factors of 606.
2, 3, 101
List the prime factors of 6105.
3, 5, 11, 37
List the prime factors of 22952.
2, 19, 151
What are the prime factors of 6144?
2, 3
List the prime factors of 67170.
2, 3, 5, 2239
What are the prime factors of 2708?
2, 677
List the prime factors of 1100.
2, 5, 11
What are the prime factors of 1025?
5, 41
What are the prime factors of 2739?
3, 11, 83
List the prime factors of 34355.
5, 6871
What are the prime factors of 22482?
2, 3, 1249
List the prime factors of 42.
2, 3, 7
What are the prime factors of 15107?
15107
List the prime factors of 657.
3, 73
List the prime factors of 3759.
3, 7, 179
What are the prime factors of 4010?
2, 5, 401
What are the prime factors of 1520?
2, 5, 19
List the prime factors of 2154.
2, 3, 359
What are the prime factors of 8202?
2, 3, 1367
List the prime factors of 32650.
2, 5, 653
List the prime factors of 1133.
11, 103
List the prime factors of 1460.
2, 5, 73
What are the prime factors of 8323?
7, 29, 41
List the prime factors of 114100.
2, 5, 7, 163
What are the prime factors of 3410?
2, 5, 11, 31
List the prime factors of 1360.
2, 5, 17
What are the prime factors of 49284?
2, 3, 37
What are the prime factors of 17883?
3, 1987
What are the prime factors of 455?
5, 7, 13
List the prime factors of 13822.
2, 6911
List the prime factors of 3751.
11, 31
What are the prime factors of 5904?
2, 3, 41
What are the prime factors of 270?
2, 3, 5
List the prime factors of 74410.
2, 5, 7, 1063
List the prime factors of 851.
23, 37
List the prime factors of 51739.
31, 1669
What are the prime factors of 432?
2, 3
What are the prime factors of 25764?
2, 3, 19, 113
What are the prime factors of 5516?
2, 7, 197
List the prime factors of 4494.
2, 3, 7, 107
List the prime factors of 6297.
3, 2099
List the prime factors of 39762.
2, 3, 47
List the prime factors of 335.
5, 67
What are the prime factors of 2888?
2, 19
What are the prime factors of 1003?
17, 59
What are the prime factors of 1966?
2, 983
List the prime factors of 1369.
37
What are the prime factors of 62839?
7, 47, 191
What are the prime factors of 191?
191
What are the prime factors of 9505?
5, 1901
List the prime factors of 1228.
2, 307
List the prime factors of 16412.
2, 11, 373
List the prime factors of 156959.
11, 19, 751
What are the prime factors of 24509?
24509
What are the prime factors of 537?
3, 179
List the prime factors of 2469.
3, 823
What are the prime factors of 52665?
3, 5, 3511
What are the prime factors of 32583?
3, 10861
What are the prime factors of 1007?
19, 53
List the prime factors of 1475.
5, 59
What are the prime factors of 3658?
2, 31, 59
What are the prime factors of 31882?
2, 19, 839
What are the prime factors of 18407?
79, 233
List the prime factors of 65536.
2
What are the prime factors of 13834?
2, 6917
List the prime factors of 3621.
3, 17, 71
List the prime factors of 24675.
3, 5, 7, 47
What are the prime factors of 1644?
2, 3, 137
What are the prime factors of 25417?
7, 3631
What are the prime factors of 56683?
11, 5153
What are the prime factors of 108?
2, 3
List the prime factors of 10011.
3, 47, 71
What are the prime factors of 33064?
2, 4133
What are the prime factors of 30730?
2, 5, 7, 439
List the prime factors of 9754.
2, 4877
What are the prime factors of 5865?
3, 5, 17, 23
What are the prime factors of 1282?
2, 641
List the prime factors of 4184.
2, 523
What are the prime factors of 81505?
5, 16301
List the prime factors of 49027.
11, 4457
List the prime factors of 18537.
3, 37, 167
What are the prime factors of 2156?
2, 7, 11
What are the prime factors of 61807?
19, 3253
What are the prime factors of 4134?
2, 3, 13, 53
List the prime factors of 7955.
5, 37, 43
What are the prime factors of 583?
11, 53
What are the prime factors of 1516?
2, 379
List the prime factors of 521.
521
List the prime factors of 5270.
2, 5, 17, 31
List the prime factors of 8537.
8537
What are the prime factors of 15341?
23, 29
List the prime factors of 2672.
2, 167
List the prime factors of 3952.
2, 13, 19
List the prime factors of 22990.
2, 5, 11, 19
What are the prime factors of 11756?
2, 2939
List the prime factors of 4917.
3, 11, 149
List the prime factors of 42125.
5, 337
What are the prime factors of 8800?
2, 5, 11
List the prime factors of 8407.
7, 1201
What are the prime factors of 17510?
2, 5, 17, 103
List the prime factors of 20184.
2, 3, 29
What are the prime factors of 21877?
131, 167
List the prime factors of 492.
2, 3, 41
What are the prime factors of 753?
3, 251
What are the prime factors of 21130?
2, 5, 2113
List the prime